 by 136?
47
Calculate the remainder when 38930395 is divided by 12976798.
1
What is the remainder when 38872 is divided by 563?
25
Calculate the remainder when 878379 is divided by 26.
21
What is the remainder when 3506290 is divided by 51562?
74
What is the remainder when 27634495 is divided by 156?
31
What is the remainder when 3326463 is divided by 151?
84
Calculate the remainder when 16094 is divided by 3115.
519
Calculate the remainder when 221585 is divided by 326.
231
What is the remainder when 8544932 is divided by 1650?
1232
What is the remainder when 908647 is divided by 129800?
47
What is the remainder when 104722479 is divided by 1037?
1034
What is the remainder when 3254676 is divided by 7482?
6
What is the remainder when 5785745 is divided by 86352?
161
What is the remainder when 221588826 is divided by 19?
15
What is the remainder when 232997 is divided by 72?
5
Calculate the remainder when 132836 is divided by 976.
100
What is the remainder when 10659978 is divided by 14826?
84
Calculate the remainder when 7552 is divided by 6817.
735
Calculate the remainder when 130660 is divided by 130050.
610
What is the remainder when 977163 is divided by 325604?
351
Calculate the remainder when 2118542 is divided by 5377.
4
Calculate the remainder when 763860 is divided by 293.
9
What is the remainder when 3735597 is divided by 200?
197
What is the remainder when 6630884 is divided by 690?
674
Calculate the remainder when 335477 is divided by 4084.
589
What is the remainder when 5433158 is divided by 1320?
38
What is the remainder when 41872 is divided by 45?
22
What is the remainder when 938367 is divided by 9019?
391
What is the remainder when 5205640 is divided by 567?
13
Calculate the remainder when 349674647 is divided by 6.
5
Calculate the remainder when 313673 is divided by 219.
65
What is the remainder when 10038663 is divided by 18?
9
Calculate the remainder when 139681582 is divided by 1296.
1294
Calculate the remainder when 19837 is divided by 4714.
981
What is the remainder when 815935 is divided by 135985?
25
What is the remainder when 78204 is divided by 830?
184
What is the remainder when 3280744 is divided by 22?
16
Calculate the remainder when 378787 is divided by 357.
10
Calculate the remainder when 101944 is divided by 430.
34
Calculate the remainder when 2485845 is divided by 3699.
117
What is the remainder when 13180 is divided by 4092?
904
What is the remainder when 4433248 is divided by 15?
13
Calculate the remainder when 801648 is divided by 591.
252
What is the remainder when 1241911 is divided by 536?
535
Calculate the remainder when 2776089 is divided by 315.
309
Calculate the remainder when 26866642 is divided by 6716647.
54
What is the remainder when 207133 is divided by 117?
43
What is the remainder when 486 is divided by 295?
191
Calculate the remainder when 4214846 is divided by 1404915.
101
Calculate the remainder when 45507 is divided by 829.
741
What is the remainder when 1700312 is divided by 10230?
2132
What is the remainder when 426183 is divided by 47321?
294
Calculate the remainder when 6769532 is divided by 38683.
7
What is the remainder when 305776 is divided by 23518?
42
Calculate the remainder when 458564 is divided by 206.
8
What is the remainder when 6013436 is divided by 32?
28
What is the remainder when 3374090 is divided by 229?
4
What is the remainder when 2193361599 is divided by 775?
774
What is the remainder when 1198243 is divided by 454?
137
Calculate the remainder when 240896 is divided by 5171.
3030
What is the remainder when 158104871 is divided by 2645?
2641
What is the remainder when 469439 is divided by 19540?
479
Calculate the remainder when 3772353 is divided by 292.
5
Calculate the remainder when 251836180 is divided by 117.
115
Calculate the remainder when 47428 is divided by 4561.
1818
Calculate the remainder when 37046 is divided by 8455.
3226
Calculate the remainder when 2141723 is divided by 89232.
155
Calculate the remainder when 3364409 is divided by 10481.
8
Calculate the remainder when 256455 is divided by 1932.
1431
What is the remainder when 3429537 is divided by 3429414?
123
What is the remainder when 7045746 is divided by 105160?
26
What is the remainder when 1315729 is divided by 328913?
77
What is the remainder when 17659884 is divided by 3651?
3648
What is the remainder when 23998490 is divided by 500?
490
Calculate the remainder when 70028 is divided by 13096.
4548
Calculate the remainder when 78575399 is divided by 1955.
39
What is the remainder when 1658710 is divided by 3787?
4
Calculate the remainder when 5622867 is divided by 1874286.
9
What is the remainder when 6599480 is divided by 137489?
8
What is the remainder when 90958453 is divided by 10044?
10033
What is the remainder when 18969318 is divided by 1138?
1134
Calculate the remainder when 21788099 is divided by 75.
74
What is the remainder when 729539 is divided by 8684?
83
What is the remainder when 1412973 is divided by 141295?
23
What is the remainder when 14631163 is divided by 294?
253
Calculate the remainder when 41110506 is divided by 38529.
63
Calculate the remainder when 1483890 is divided by 741589.
712
Calculate the remainder when 424137 is divided by 25.
12
What is the remainder when 146226473 is divided by 8?
1
What is the remainder when 29123 is divided by 1206?
179
Calculate the remainder when 771111 is divided by 257006.
93
What is the remainder when 433002 is divided by 108243?
30
Calculate the remainder when 378282 is divided by 4914.
4818
Calculate the remainder when 3625796 is divided by 26.
18
What is the remainder when 17662862 is divided by 15?
2
What is the remainder when 7781795 is divided by 2149?
266
What is the remainder when 27520 is divided by 4999?
2525
Calculate the remainder when 310778283 is divided by 61.
58
What is the remainder when 633189 is divided by 398?
369
Calculate the remainder when 857362 is divided by 3514.
3460
What is the remainder when 337284 is divided by 67419?
189
What is the remainder when 18847826 is divided by 6282600?
26
What is the remainder when 1914598 is divided by 43?
23
Calculate the remainder when 196785 is divided by 960.
945
Calculate the remainder when 244910 is divided by 243819.
1091
Calculate the remainder when 2685219 is divided by 620.
619
Calculate the remainder when 10878217 is divided by 572537.
14
What is the remainder when 292953 is divided by 946?
639
Calculate the remainder when 4115223 is divided by 2057582.
59
What is the remainder when 41015477 is divided by 13671822?
11
What is the remainder when 223487 is divided by 71928?
7703
Calculate the remainder when 782127 is divided by 260707.
6
What is the remainder when 11916 is divided by 11219?
697
Calculate the remainder when 314377 is divided by 12567.
202
What is the remainder when 451934 is divided by 150643?
5
Calculate the remainder when 74104 is divided by 574.
58
What is the remainder when 39292 is divided by 480?
412
Calculate the remainder when 2537597 is divided by 26.
23
Calculate the remainder when 163669 is divided by 8355.
4924
What is the remainder when 4340903 is divided by 1446819?
446
Calculate the remainder when 1353082 is divided by 351.
328
What is the remainder when 103124 is divided by 4171?
3020
What is the remainder when 6082 is divided by 2453?
1176
Calculate the remainder when 1130686 is divided by 457.
68
What is the remainder when 4826512 is divided by 55?
42
Calculate the remainder when 10248413 is divided by 94022.
15
What is the remainder when 16230038 is divided by 14849?
81
What is the remainder when 2336661 is divided by 389426?
105
What is the remainder when 18100411 is divided by 312076?
3
Calculate the remainder when 223041 is divided by 9293.
9
Calculate the remainder when 202480 is divided by 13496.
40
Calculate the remainder when 5906110 is divided by 192.
190
Calculate the remainder when 28865 is divided by 261.
155
Calculate the remainder when 3262384 is divided by 3262379.
5
Calculate the remainder when 6358227 is divided by 254329.
2
Calculate the remainder when 290402 is divided by 76.
6
Calculate the remainder when 123044 is divided by 40970.
134
Calculate the remainder when 130848 is divided by 1153.
559
Calculate the 